ainder when 312670 is divided by 48?
46
What is the remainder when 2000013 is divided by 93?
48
Calculate the remainder when 4045338 is divided by 96.
90
What is the remainder when 923039 is divided by 791?
733
Calculate the remainder when 327510 is divided by 21832.
30
What is the remainder when 14084615 is divided by 138084?
47
Calculate the remainder when 25640 is divided by 1507.
21
What is the remainder when 118241 is divided by 1036?
137
Calculate the remainder when 86470 is divided by 5080.
110
Calculate the remainder when 10529272 is divided by 133280.
152
Calculate the remainder when 27462839 is divided by 12.
11
Calculate the remainder when 329192 is divided by 20514.
968
What is the remainder when 2307815 is divided by 20?
15
What is the remainder when 352790454 is divided by 1692?
1686
Calculate the remainder when 25023117 is divided by 5852.
5817
Calculate the remainder when 17952 is divided by 348.
204
Calculate the remainder when 79425 is divided by 304.
81
Calculate the remainder when 351284 is divided by 17559.
104
Calculate the remainder when 15551 is divided by 356.
243
Calculate the remainder when 137035 is divided by 1931.
1865
What is the remainder when 2677224218 is divided by 691?
689
Calculate the remainder when 987373 is divided by 158.
31
What is the remainder when 36798170 is divided by 171?
167
Calculate the remainder when 4642055 is divided by 1547300.
155
What is the remainder when 1021895 is divided by 456?
455
What is the remainder when 39113065 is divided by 13037686?
7
Calculate the remainder when 11053887 is divided by 1546.
1533
What is the remainder when 147364370 is divided by 11?
10
What is the remainder when 479714 is divided by 6396?
14
What is the remainder when 2579047 is divided by 505?
12
Calculate the remainder when 9640942 is divided by 129.
127
Calculate the remainder when 112652 is divided by 3129.
8
Calculate the remainder when 67815225 is divided by 2393.
2391
Calculate the remainder when 12770 is divided by 574.
142
What is the remainder when 23197129 is divided by 11?
10
What is the remainder when 20962594 is divided by 5072?
18
Calculate the remainder when 11986 is divided by 1235.
871
What is the remainder when 3862845 is divided by 3862816?
29
Calculate the remainder when 24911 is divided by 1687.
1293
Calculate the remainder when 8172265 is divided by 13.
10
What is the remainder when 20936214 is divided by 1628?
134
Calculate the remainder when 8852251 is divided by 3174.
3139
What is the remainder when 37889335 is divided by 8?
7
What is the remainder when 38299096 is divided by 7659812?
36
What is the remainder when 8827403 is divided by 9?
5
Calculate the remainder when 160644 is divided by 10703.
99
Calculate the remainder when 789475 is divided by 333.
265
Calculate the remainder when 208267 is divided by 26008.
203
Calculate the remainder when 128464803 is divided by 38451.
12
What is the remainder when 268439991 is divided by 4?
3
What is the remainder when 562304 is divided by 1198?
442
What is the remainder when 197619 is divided by 712?
395
What is the remainder when 35696425 is divided by 690?
655
What is the remainder when 464688 is divided by 606?
492
Calculate the remainder when 278346 is divided by 198.
156
What is the remainder when 1613978649 is divided by 41?
37
Calculate the remainder when 135359 is divided by 6626.
2839
What is the remainder when 2234377 is divided by 431?
73
Calculate the remainder when 27882636 is divided by 14.
12
Calculate the remainder when 703743 is divided by 3433.
3411
Calculate the remainder when 15595376 is divided by 8861.
16
What is the remainder when 6975735 is divided by 3487847?
41
What is the remainder when 737551 is divided by 245828?
67
What is the remainder when 6382676 is divided by 43?
14
Calculate the remainder when 677419 is divided by 5376.
43
Calculate the remainder when 358219808 is divided by 51.
41
What is the remainder when 3434 is divided by 3196?
238
Calculate the remainder when 407975370 is divided by 994.
992
What is the remainder when 1998523 is divided by 2093?
1801
What is the remainder when 280240 is divided by 70016?
176
Calculate the remainder when 1057699 is divided by 528826.
47
What is the remainder when 44760516 is divided by 27?
24
Calculate the remainder when 6601073 is divided by 341.
336
What is the remainder when 229407 is divided by 566?
177
Calculate the remainder when 2924999 is divided by 309.
5
What is the remainder when 20764 is divided by 4828?
1452
Calculate the remainder when 324879 is divided by 160874.
3131
What is the remainder when 7788 is divided by 288?
12
What is the remainder when 65440 is divided by 1516?
252
Calculate the remainder when 3471158 is divided by 1979.
1971
Calculate the remainder when 2973856 is divided by 1643.
26
Calculate the remainder when 1758859 is divided by 9306.
25
Calculate the remainder when 23791607 is divided by 3507.
119
What is the remainder when 496459 is divided by 8865?
19
Calculate the remainder when 274990 is divided by 6.
4
Calculate the remainder when 17702 is divided by 141.
77
What is the remainder when 495140 is divided by 12378?
20
What is the remainder when 2295649 is divided by 95?
69
Calculate the remainder when 462805 is divided by 77.
35
Calculate the remainder when 65274 is divided by 770.
594
Calculate the remainder when 233490 is divided by 3077.
2715
What is the remainder when 19289 is divided by 3845?
64
Calculate the remainder when 3725859 is divided by 4263.
4260
What is the remainder when 142969 is divided by 17853?
145
What is the remainder when 1081781174 is divided by 28?
26
What is the remainder when 417472 is divided by 5?
2
What is the remainder when 58581195 is divided by 13?
10
What is the remainder when 235858 is divided by 1128?
106
Calculate the remainder when 104330 is divided by 1604.
70
Calculate the remainder when 151358 is divided by 39.
38
Calculate the remainder when 411883 is divided by 45764.
7
What is the remainder when 297809973 is divided by 26?
19
Calculate the remainder when 6861013 is divided by 935.
918
What is the remainder when 5011635 is divided by 1436?
1431
Calculate the remainder when 32721861 is divided by 736.
37
What is the remainder when 2837663 is divided by 194?
25
What is the remainder when 1055383 is divided by 1055381?
2
What is the remainder when 865598 is divided by 288516?
50
Calculate the remainder when 2916426 is divided by 273.
240
Calculate the remainder when 792288141 is divided by 684.
681
What is the remainder when 596343 is divided by 5893?
1150
What is the remainder when 6286885 is divided by 330888?
13
Calculate the remainder when 195283 is divided by 1329.
1249
Calculate the remainder when 1052104 is divided by 75150.
4
Calculate the remainder when 10013820 is divided by 3337934.
18
Calculate the remainder when 5496948 is divided by 2748416.
116
What is the remainder when 11305671 is divided by 151?
150
What is the remainder when 465336 is divided by 153?
63
What is the remainder when 6037786 is divided by 15807?
15319
Calculate the remainder when 973399 is divided by 243044.
1223
What is the remainder when 111874 is divided by 75?
49
Calculate the remainder when 23819619 is divided by 945.
894
What is the remainder when 2281336 is divided by 5263?
2457
What is the remainder when 25873112 is divided by 44152?
40
Calculate the remainder when 254413 is divided by 3529.
325
What is the remainder when 26774 is divided by 8911?
41
What is the remainder when 63537475 is divided by 53348?
7
What is the remainder when 9782 is divided by 983?
935
Calculate the remainder when 1544949 is divided by 2739.
153
Calculate the remainder when 79005863 is divided by 1519343.
27
Calculate the remainder when 13852364 is divided by 161074.
0
What is the remainder when 2126446 is divided by 24?
22
Calculate the remainder when 302885 is divided by 60543.
170
What is the remainder when 263839 is divided by 4628?
43
What is the remainder when 1595191379 is divided by 43?
40
Calculate the remainder when 132714122 is divided by 13271411.
12
Calculate the remainder when 175259 is divided by 49.
35
What is the remainder when 214136253 is divided by 26614?
9
What is the remainder when 44898 is divided 